e 0 = 2*m + 2*m - 36. Let j(s) = 2*s**2 - 51*s + 51. Calculate the remainder when j(25) is divided by m.
8
Suppose 0 = -4*f - 2*y + 248, -5*f - 5*y + 304 = -4*y. What is the remainder when f is divided by 21?
18
Let b(g) = 9*g + 4. Let x(i) = -10*i - 3. Let c(o) = -5*b(o) - 4*x(o). What is the remainder when (-123)/82*-58*1 is divided by c(-6)?
21
Let m(f) = -8*f**3 + 2*f**2 + 2*f + 1. Let l = 4 + 20. What is the remainder when l is divided by m(-1)?
6
What is the remainder when 65 is divided by ((-396)/165)/((-4)/30)?
11
Suppose -140 = -9*f - 7*i + 6*i, 40 = f + 5*i. What is the remainder when f is divided by 14?
1
Let c(l) = -l**3 + l**2 - 2*l - 3. Suppose 0 = 3*k + 64 - 22. Let h = -16 - k. Calculate the remainder when c(h) is divided by 8.
5
Let h(w) = -4*w + 7. Let f be h(-4). Suppose 0 = -b + i - 3*i - f, -120 = 4*b + i. Let d = b - -45. What is the remainder when d is divided by 8?
6
Suppose 0 = -0*y - 2*y + 218. Let p = y - 62. What is the remainder when p is divided by (-6)/(13 - 7) - -12 - -1?
11
Suppose 0 = 5*u + 20 - 85. Suppose -196 = -6*s + 2*s. Calculate the remainder when s is divided by u.
10
Let o = 283 - 267. What is the remainder when 173 is divided by o?
13
Let y = 707 - 706. Calculate the remainder when 97 is divided by y.
0
What is the remainder when 75447/117 + (-4)/(-26) is divided by 59?
55
Suppose -33 + 99 = 22*g. Calculate the remainder when 162 is divided by g.
0
Let f(o) = -o**3 + 13*o**2 + 12. Let m(y) = 2*y**3 + 11*y**2 - 9*y - 5. Let b be m(-6). What is the remainder when 35 is divided by f(b)?
11
Suppose 3*w - 39 + 9 = 0. Suppose -6*g + 117 - 81 = 0. What is the remainder when w is divided by g?
4
Let x = -73 - -106. Suppose 42*d - 45*d = -579. Let g = d - 176. What is the remainder when x is divided by g?
16
Calculate the remainder when 376 is divided by 6*1/18 + (-161)/(-3).
52
Let a(r) = r + 1. Let f(d) = 6*d - 11. Let j(m) = 5*a(m) - f(m). What is the remainder when 10 is divided by j(14)?
0
Suppose -7*d - 107 = -8*d. Let p = d + -92. What is the remainder when 132 is divided by p?
12
Let k = 13 - 13. Suppose -4*o + 4*q + 48 = k, 0 = -4*o + q + 78 - 15. Calculate the remainder when 83 is divided by o.
15
Suppose 0 = -111*g + 115*g - 32. Calculate the remainder when 15 is divided by g.
7
Let a = -14 + 21. Let f(r) be the second derivative of r**3/3 + 7*r**2/2 - 4*r. Calculate the remainder when 39 is divided by f(a).
18
Suppose 171 - 669 = -3*k. Calculate the remainder when k is divided by 19.
14
Let a = 13 + 0. Suppose 17*l = 514 - 123. What is the remainder when l is divided by a?
10
Let p be (-2)/(-4) + 3/6. Suppose -4*d = p - 5. Calculate the remainder when d is divided by 1.
0
Suppose 0 = 2*n - 3*f + 119, n + f = -4*f - 79. Let g = n - -98. Calculate the remainder when 464/7 + (-20)/70 is divided by g.
32
Suppose -t + 5*h + 41 = 0, -6*h - 100 = -2*t - 2*h. Calculate the remainder when t is divided by 3.
2
Let m(v) = 11*v - 120. What is the remainder when 1057 is divided by m(13)?
22
Suppose 0 = 4*o, o - 14 = 2*b - 102. What is the remainder when 239 is divided by b?
19
What is the remainder when 268 is divided by ((-45)/(-36))/((-2)/(-144))?
88
Suppose 367 = -34*u + 1081. What is the remainder when 1069 is divided by u?
19
Let d(o) = -2*o**3 + 5*o**2 - 3*o - 3. Let y be d(3). Let n = 44 + -18. What is the remainder when n is divided by (y + 0)*(-2)/3?
12
Suppose 3*r + 2*r + 141 = 2*d, -3*d + r = -179. Let j = d - 44. What is the remainder when j is divided by 4?
2
Suppose 71 = i + n, -4*i + n = -288 + 29. Calculate the remainder when i is divided by 23.
20
Let d = -63 - -82. What is the remainder when 284 is divided by d?
18
Let n = 30 - 23. Suppose 0*r - 3*i = 2*r - n, 5*r - 7 = 3*i. What is the remainder when 147 is divided by r*(-45)/(6/(-2))?
27
Suppose -351*n + 387*n - 504 = 0. Calculate the remainder when 264 is divided by n.
12
Suppose 5*m + 5*b = 0, -2*m = 3*b + 5 - 2. Suppose -m*k + 2*k - 4*p = 26, -2 = p. What is the remainder when (k/24)/((-3)/84) is divided by 6?
3
Let v = -9 - -13. Suppose v*s - 2*n = 87 - 29, 4*n + 26 = 2*s. Suppose 4*m - 17 = s. What is the remainder when 21 is divided by m?
5
Suppose 4*m + 3*h - 4*h + 13010 = 0, -2*m - h - 6502 = 0. What is the remainder when (-4)/(-34) - m/102 is divided by 5?
2
Suppose 4*s - 99 = -3*u, 5*s - 4*u - 186 = -70. Suppose 0 = 19*f - s*f + 20. What is the remainder when 14 is divided by f?
2
Suppose -16*q + 23532 = 58*q. Calculate the remainder when q is divided by 11.
10
Let y be (-2)/(0 - -2) - -38. Suppose j + 13 = 15. Suppose -5*b = j - y. Calculate the remainder when 20 is divided by b.
6
Suppose 80 = -0*g + 2*g. Calculate the remainder when -2 + (-14)/(-10) - 8970/(-75) is divided by g.
39
Let o = 20 + -6. Suppose -o - 280 = 6*a. Let c = a - -102. Calculate the remainder when c is divided by 14.
11
Let h be (-4)/(0 + -1) + 0. Suppose 2*d = -2, -2*l + h + 3 = -d. What is the remainder when 10 is divided by l?
1
Let o(l) = 3*l**2 + 2*l - 4. Let m(i) = -2*i**2 + 20*i - 22. Let w be m(9). What is the remainder when 141 is divided by o(w)?
33
Let r be (3 - 21)*8/(-6). Suppose -r = -3*j + j. What is the remainder when 33 is divided by j?
9
Let a = -12 + 16. Suppose -q + a = 0, -4*g - 5*q = -4*q - 20. Suppose -2*i - 189 = -4*h + i, g*i = h - 57. What is the remainder when h is divided by 12?
9
Suppose -3*k = -76 - 35. Let q = k - 15. Calculate the remainder when 42 is divided by q.
20
Suppose 0 = -4*n - 1 + 1. Suppose -11*o + 113 - 14 = n. What is the remainder when o is divided by 6?
3
Let k = -50 - -77. Calculate the remainder when k is divided by -5*((-256)/(-10))/(-8).
11
Let w be (19/(-2) - 3)*-14. Let f = w + -87. Suppose -4*b + 4*p + f = 0, -5*b + 122 - 13 = -4*p. What is the remainder when b is divided by 8?
5
Let x(n) = 4*n + 13. Let g = -18 - -33. Calculate the remainder when x(7) is divided by g.
11
Suppose n - 11 = -7. Suppose -g = 2*g + n*c - 39, -3*g - 5*c + 39 = 0. Calculate the remainder when 35 is divided by g.
9
Let c(g) = 2*g**2 - 3*g - 50. Let h = 8 - 4. What is the remainder when h is divided by c(6)?
0
What is the remainder when (72/7)/(4 - 663/168) is divided by 69?
54
Suppose 2*j = -3*x + 257, 4*x + j - 376 = 5*j. What is the remainder when x is divided by 25?
14
Let d = 390 + -355. What is the remainder when d is divided by (6/(-6))/(1/(-9))?
8
Suppose 45 = 5*i - 5*k, 0 = 4*i + 3*k - 8*k - 35. Suppose 3*j - 107 = -4*r, 3*j + j = -3*r + 82. Calculate the remainder when r is divided by i.
6
Let g(s) = s**3 + 2*s**2 - s + 2. Let j be g(2). Suppose -w = -z + 3*w + 26, -4*w = 2*z - j. What is the remainder when 97 is divided by z?
13
Suppose 5 = 4*k - 11. Suppose -51 = -k*w - 7. What is the remainder when 54 is divided by w?
10
Calculate the remainder when 42 is divided by 12/2 - 9 - (-13 + 1).
6
Suppose 8*g - 3 = 117. Calculate the remainder when 82 is divided by g.
7
Suppose 5*n - 52 = 3*n. Suppose -3*w + 83 = -0*z + 5*z, -2*z = 3*w - n. What is the remainder when 36 is divided by z?
17
Let x = 145 + -132. Let o be -3 - (-3 - -2) - -2. Suppose -2*a - 3*g + 72 = 0, o*g = 3*a - 5*g - 108. What is the remainder when a is divided by x?
10
Suppose -t + r + r = -51, 222 = 5*t + r. Let p be ((-18)/t)/((-1)/195). Let f = -35 + p. What is the remainder when f is divided by 11?
10
Suppose -3*w + j = -41, -w - 61*j + 31 = -57*j. Calculate the remainder when 313 is divided by w.
13
Suppose 3*o + 2*x = 88, -o + 2*x + 21 = x. Let n(i) = 205*i - 2359. Calculate the remainder when n(12) is divided by o.
23
Let c(v) = 2*v**2 + 6*v - 8. Let h be c(-6). Suppose 0 = 3*k - h + 16. What is the remainder when 27 is divided by k?
3
Suppose 4 = 5*m - 41. Suppose d + 2*v = -v + m, 4*d + 4*v - 12 = 0. Suppose d*s + 215 = 5*s. What is the remainder when s is divided by 22?
21
Let m(r) = r**2 + 7*r. Let p be m(-7). Let i be (-4 + 3 - p)*-43. Let c = -24 + i. What is the remainder when 35 is divided by c?
16
Let y = 2 - -1. Suppose -y*o = -4*o + 13. Let r = -147 - -170. What is the remainder when r is divided by o?
10
What is the remainder when 60 is divided by (-4)/(-10)*805/14?
14
Let o be (-278)/(-10) - (-6)/30. Let z = o + -5. What is the remainder when z is divided by 13 - (4/2 + -2)?
10
Let s = 18 - 13. Suppose 3*w - 317 = -4*q - 2*w, s*w 